{"id":960,"date":"2023-03-12T18:04:30","date_gmt":"2023-03-12T20:04:30","guid":{"rendered":"https:\/\/intraders.org\/kitapbolumu\/?page_id=960"},"modified":"2025-01-09T19:54:23","modified_gmt":"2025-01-09T21:54:23","slug":"hakem-editor-raporlari","status":"publish","type":"page","link":"https:\/\/intraders.org\/kitapbolumu\/hakem-editor-raporlari\/","title":{"rendered":"Hakem-Edit\u00f6r Raporlar\u0131"},"content":{"rendered":"\n<p>Kitap b\u00f6l\u00fcmlerin niteliklerinin art\u0131r\u0131lmas\u0131na y\u00f6nelik olarak raporlar\u0131n \u0131slak imzal\u0131 saklamas\u0131 karar\u0131 al\u0131nm\u0131\u015ft\u0131r.  Raporlar yazarlara bilgi verilerek talep eden kurum\/ki\u015filer(denet\u00e7i-raport\u00f6r-do\u00e7entlik incelmesi-akademik te\u015fvik) ile yazar\u0131n izni al\u0131narak payla\u015f\u0131lacakt\u0131r .<\/p>\n\n\n\n<p>Kitap b\u00f6l\u00fcmlerinde sekretarya, bir k\u00f6r hakem ve edit\u00f6r s\u00fcre\u00e7leri yer alacakt\u0131r. <\/p>\n\n\n\n<p>A\u00e7\u0131k eri\u015fim politikas\u0131 ile bilginin daha fazla kullan\u0131c\u0131ya ula\u015fmas\u0131 hedeflenmektedir.<\/p>\n\n\n\n<p>Kitap b\u00f6l\u00fcm\u00fcne y\u00f6nelik olumsuz ele\u015ftiri al\u0131nmas\u0131 durumunda, yazarlar\u0131m\u0131z\u0131n d\u00f6n\u00fc\u015f yapmalar\u0131 halinde raporlar\u0131 resmi yaz\u0131 ilgili ki\u015fiye\/kuruma iletilecektir. <strong>\u00d6zellikle<\/strong> <strong>Do\u00e7entlik ba\u015fvuru dosyalar\u0131nda, inceleme g\u00f6revinde bulunan akademisyenlerin bu hususu g\u00f6z \u00f6n\u00fcnde bulundurmalar\u0131 ilerki d\u00f6nemde ya\u015fanabilecek yasal sorunlar\u0131n \u00f6n\u00fcn\u00fc engelleyecektir. <\/strong><\/p>\n\n\n\n<p><\/p>\n","protected":false},"excerpt":{"rendered":"<p>Kitap b\u00f6l\u00fcmlerin niteliklerinin art\u0131r\u0131lmas\u0131na y\u00f6nelik olarak raporlar\u0131n \u0131slak imzal\u0131 saklamas\u0131 karar\u0131 al\u0131nm\u0131\u015ft\u0131r. Raporlar yazarlara bilgi verilerek talep eden kurum\/ki\u015filer(denet\u00e7i-raport\u00f6r-do\u00e7entlik incelmesi-akademik te\u015fvik) ile yazar\u0131n izni al\u0131narak payla\u015f\u0131lacakt\u0131r . Kitap b\u00f6l\u00fcmlerinde sekretarya, bir k\u00f6r hakem ve edit\u00f6r s\u00fcre\u00e7leri yer alacakt\u0131r. A\u00e7\u0131k eri\u015fim politikas\u0131 ile bilginin daha fazla kullan\u0131c\u0131ya ula\u015fmas\u0131 hedeflenmektedir. Kitap b\u00f6l\u00fcm\u00fcne y\u00f6nelik olumsuz ele\u015ftiri al\u0131nmas\u0131 durumunda, &#8230; <a title=\"Hakem-Edit\u00f6r Raporlar\u0131\" class=\"read-more\" href=\"https:\/\/intraders.org\/kitapbolumu\/hakem-editor-raporlari\/\">Read more<\/a><\/p>\n","protected":false},"author":1,"featured_media":0,"parent":0,"menu_order":0,"comment_status":"closed","ping_status":"closed","template":"","meta":{"generate_page_header":"","footnotes":""},"class_list":["post-960","page","type-page","status-publish"],"_links":{"self":[{"href":"https:\/\/intraders.org\/kitapbolumu\/wp-json\/wp\/v2\/pages\/960","targetHints":{"allow":["GET"]}}],"collection":[{"href":"https:\/\/intraders.org\/kitapbolumu\/wp-json\/wp\/v2\/pages"}],"about":[{"href":"https:\/\/intraders.org\/kitapbolumu\/wp-json\/wp\/v2\/types\/page"}],"author":[{"embeddable":true,"href":"https:\/\/intraders.org\/kitapbolumu\/wp-json\/wp\/v2\/users\/1"}],"replies":[{"embeddable":true,"href":"https:\/\/intraders.org\/kitapbolumu\/wp-json\/wp\/v2\/comments?post=960"}],"version-history":[{"count":11,"href":"https:\/\/intraders.org\/kitapbolumu\/wp-json\/wp\/v2\/pages\/960\/revisions"}],"predecessor-version":[{"id":1139,"href":"https:\/\/intraders.org\/kitapbolumu\/wp-json\/wp\/v2\/pages\/960\/revisions\/1139"}],"wp:attachment":[{"href":"https:\/\/intraders.org\/kitapbolumu\/wp-json\/wp\/v2\/media?parent=960"}],"curies":[{"name":"wp","href":"https:\/\/api.w.org\/{rel}","templated":true}]}}