{"id":578,"date":"2018-11-21T08:23:35","date_gmt":"2018-11-21T08:23:35","guid":{"rendered":"https:\/\/intraders.org\/arsiv\/?page_id=578"},"modified":"2026-03-14T17:42:21","modified_gmt":"2026-03-14T19:42:21","slug":"arsiv","status":"publish","type":"page","link":"https:\/\/intraders.org\/arsiv\/arsiv\/","title":{"rendered":"Uluslararas\u0131 Kitap Ar\u015fivi"},"content":{"rendered":"<h4><\/h4>\n<h4 style=\"text-align: center;\">Yay\u0131nlanm\u0131\u015f Uluslararas\u0131 Kitaplar\u0131m\u0131z:<\/h4>\n<p style=\"text-align: center;\"><strong>Yay\u0131nc\u0131s\u0131<\/strong>; &#8220;<em>K\u00fcr\u015fat \u00c7apraz<\/em>&#8221; olan t\u00fcm kitaplar (kitap b\u00f6l\u00fcmleri ve kongre kitaplar\u0131) EBSCO ve Proquest Ebook veritaban\u0131nda taranmaktad\u0131r.<\/p>\n<p style=\"text-align: center;\"><strong><a href=\"https:\/\/intraders.org\/arsiv\/arsiv\/yapay-zeka-uygulamalari-sektorel-etkiler-ve-dijitallesme-caginda-tuketici\/\" rel=\"attachment wp-att-1324\">Yapay Zek\u00e2 Uygulamalar\u0131: Sekt\u00f6rel Etkiler ve Dijitalle\u015fme \u00c7a\u011f\u0131nda T\u00fcketici, Gazi Kitabevi, Ekim 2025<\/a><\/strong><\/p>\n<p style=\"text-align: center;\"><strong><a href=\"https:\/\/intraders.org\/arsiv\/arsiv\/bridging-education-and-economy-resilience-advancing-education-on-asean\/\" rel=\"attachment wp-att-1300\">Bridging education and economy resilience advancing education on Asean, K\u00fcr\u015fat \u00c7apraz, July 2025<\/a><\/strong><\/p>\n<p style=\"text-align: center;\"><strong><a href=\"https:\/\/intraders.org\/arsiv\/arsiv\/the-ocean-sustaining-what-sustains-us\/\" rel=\"attachment wp-att-1283\">THE OCEAN SUSTAINING WHAT SUSTAINS US, K\u00fcr\u015fat \u00c7apraz, July 2025<\/a><\/strong><\/p>\n<p style=\"text-align: center;\"><a href=\"https:\/\/intraders.org\/arsiv\/arsiv\/academic-studies-in-social-humanities-and-administrative-sciences-gazi-kitabevi-march-2023\/\" rel=\"attachment wp-att-1035\">Academic Studies in Social, Humanities and Administrative Sciences Gazi Kitabevi March 2023<\/a><\/p>\n<p style=\"text-align: center;\"><a href=\"https:\/\/intraders.org\/arsiv\/arsiv\/ekonomi-surdurulebilir-kalkinma-ve-isletme-alaninda-akademik-calismalar-gazi-kitabevi-mart-2023\/\" rel=\"attachment wp-att-1031\">Ekonomi, S\u00fcrd\u00fcr\u00fclebilir Kalk\u0131nma ve \u0130\u015fletme Alan\u0131nda Akademik \u00c7al\u0131\u015fmalar Gazi Kitabevi Mart 2023<\/a><\/p>\n<p style=\"text-align: center;\"><a href=\"https:\/\/intraders.org\/arsiv\/arsiv\/iktisadi-idari-ve-sosyal-bilimlerde-akademik-calismalar\/\" rel=\"attachment wp-att-952\">\u0130ktisadi, \u0130dari ve Sosyal Bilimlerde Akademik \u00c7al\u0131\u015fmalar Gazi Kitabevi Aral\u0131k 2022<\/a><\/p>\n<p style=\"text-align: center;\"><a href=\"https:\/\/intraders.org\/arsiv\/arsiv\/academic-studies-on-social-and-economic-issues\/\" rel=\"attachment wp-att-940\">Academic Studies on Social and Economic Issues Hiperyay\u0131n December 2022<\/a><\/p>\n<p style=\"text-align: center;\"><a href=\"https:\/\/intraders.org\/arsiv\/arsiv\/sosyal-ve-idari-bilimlerde-akademik-arastirmalar-ed-ali-yildiz-hiper-yayin-kasim-2022\/\" rel=\"attachment wp-att-930\">Sosyal ve \u0130dari Bilimlerde Akademik Arastirmalar Ed. Ali Y\u0131ld\u0131z Hiperyay\u0131n Kas\u0131m 2022<\/a><\/p>\n<p style=\"text-align: center;\"><a href=\"https:\/\/intraders.org\/arsiv\/arsiv\/sosyal-ve-beseri-bilimlerde-guncel-arastirmalar\/\" rel=\"attachment wp-att-914\">Sosyal ve Beseri Bilimlerde G\u00fcncel Arast\u0131rmalar Hiperyay\u0131n Ekim 2022<\/a><\/p>\n<p style=\"text-align: center;\"><a href=\"https:\/\/intraders.org\/arsiv\/arsiv\/sosyal-beseri-ve-idari-bilimler-arastirmalari\/\" rel=\"attachment wp-att-910\">Sosyal, Be\u015feri ve \u0130dari Bilimler Ara\u015ft\u0131rmalar\u0131 Hiperyay\u0131n Ekim 2022<\/a><\/p>\n<p style=\"text-align: center;\"><a href=\"https:\/\/intraders.org\/arsiv\/arsiv\/sosyal-bilimlerde-guncel-calismalar\/\" rel=\"attachment wp-att-908\">SOSYAL B\u0130L\u0130MLERDE G\u00dcNCEL \u00c7ALI\u015eMALAR, Gazi Kitabevi Eyl\u00fcl 2022<\/a><\/p>\n<h4 style=\"text-align: center;\"><a href=\"https:\/\/intraders.org\/arsiv\/arsiv\/current-studies-in-international-trade-intraders-2021\/\" rel=\"attachment wp-att-718\">Current Studies in International Trade InTraders 2021<\/a><\/h4>\n<h4 style=\"text-align: center;\"><a href=\"https:\/\/intraders.org\/arsiv\/arsiv\/sosyal-bilimlerde-guncel-calismalar-intraders-2021\/\" rel=\"attachment wp-att-716\">Sosyal Bilimlerde G\u00fcncel \u00c7al\u0131\u015fmalar InTraders 2021<\/a><\/h4>\n<h4 style=\"text-align: center;\"><strong><a href=\"https:\/\/intraders.org\/arsiv\/arsiv\/case-studies-from-pakistan-iraq\/\" rel=\"attachment wp-att-712\">Case Studies From Pakistan &amp; Iraq, K\u00fcr\u015fat \u00c7apraz, August 2021<\/a><\/strong><\/h4>\n<h4 style=\"text-align: center;\"><a href=\"https:\/\/intraders.org\/arsiv\/arsiv\/current_debates_in_social_sciences\/\" rel=\"attachment wp-att-700\">Current Debates in Social Sciences, InTraders 2020<\/a><\/h4>\n<h4 style=\"text-align: center;\"><a href=\"https:\/\/intraders.org\/arsiv\/arsiv\/sosyal_bilimlerde_vaka_calismalari\/\" rel=\"attachment wp-att-702\">Sosyal Bilimlerde Vaka \u00c7al\u0131\u015fmalar\u0131, InTraders 2020<\/a><\/h4>\n<h4 style=\"text-align: center;\"><a href=\"https:\/\/intraders.org\/archive\/arsiv\/academic-studies-in-social-human-and-administrative-sciences-intraders-2019\/\" rel=\"attachment wp-att-695\">Academic Studies in Social, Human and Administrative Sciences, InTraders 2019<\/a><\/h4>\n<p>Yazarlar, Yay\u0131nc\u0131n\u0131n bu fikri eseri,\u00a0<a href=\"https:\/\/creativecommons.org\/licenses\/by-nc\/4.0\/\">Creative Commons At\u0131f-Gayri Ticari 4.0 Uluslararas\u0131 (CC BY-NC 4.0) lisans\u0131<\/a>\u00a0ile yay\u0131nlamas\u0131na izin verirler.\u00a0<a href=\"https:\/\/creativecommons.org\/licenses\/by-nc\/4.0\/\">Creative Commons At\u0131f-Gayri Ticari 4.0 Uluslararas\u0131 (CC BY-NC 4.0) lisans\u0131<\/a>, eserin ticari kullan\u0131m d\u0131\u015f\u0131nda her boyut ve formatta payla\u015f\u0131lmas\u0131na, kopyalanmas\u0131na, \u00e7o\u011falt\u0131lmas\u0131na ve orijinal esere uygun \u015fekilde at\u0131fta bulunmak kayd\u0131yla yeniden d\u00fczenleme, d\u00f6n\u00fc\u015ft\u00fcrme ve eserin \u00fczerine in\u015fa etme d\u00e2hil adapte edilmesine izin verir.<\/p>\n<p>-Yazarlar Sahiptir; Yazar(lar)\u0131n veya varsa yazar(lar)\u0131n i\u015fvereninin telif d\u00e2hil patent haklar\u0131, fikri m\u00fclkiyet haklar\u0131 sakl\u0131d\u0131r.<\/p>\n<p>InTraders\u2019da yay\u0131mlanmas\u0131 i\u00e7in de\u011ferlendirilmek \u00fczere g\u00f6nderilen makalenin daha \u00f6nce yurti\u00e7inde ve\/veya yurtd\u0131\u015f\u0131nda, herhangi bir dilde hi\u00e7 bir yerde yay\u0131mlanmad\u0131\u011f\u0131, yay\u0131ma kabul edilmedi\u011fi ve yay\u0131mlanmak \u00fczere ba\u015fka bir dergiye g\u00f6nderilmedi\u011fini yazar\/yazarlar beyan ve taahh\u00fct ederler. InTraders, \u00f6zg\u00fcn ara\u015ft\u0131rmalar yay\u0131mlamay\u0131 ama\u00e7lar ve her a\u015famada bunu denetler.<\/p>\n<p>InTraders\u2019da yay\u0131mlanan yaz\u0131lar\u0131n i\u00e7erikleriyle ilgili her t\u00fcrl\u00fc yasal ve bilimsel sorumluluk yazara\/yazarlara aittir.<\/p>\n<p>InTraders, Creative<a href=\"https:\/\/creativecommons.org\/licenses\/by-nc\/4.0\/\">\u00a0Commons (CC), Uluslararas\u0131 Lisans\u0131 CC BY-NC<\/a>\u00a0ile lisanslanm\u0131\u015ft\u0131r. Bu lisans, kullanan ki\u015filere orijinal eserden al\u0131nt\u0131 yapt\u0131klar\u0131 s\u00fcrece, eseri da\u011f\u0131tma, kar\u0131\u015ft\u0131rma, ince ayar yapma ya da \u00fczerine \u00e7al\u0131\u015fma haklar\u0131n\u0131 verir. Bir di\u011fer ifadeyle, InTraders\u2019da yay\u0131mlanan yaz\u0131lardan kaynak g\u00f6sterilerek al\u0131nt\u0131 yap\u0131labilir.<\/p>\n<p>InTraders, ar\u015fivinde yer alan yaz\u0131lar\u0131n okuyucular taraf\u0131ndan okunmas\u0131na, indirilmesine, kopyalanmas\u0131na, da\u011f\u0131t\u0131lmas\u0131na, yazd\u0131r\u0131lmas\u0131na ve herhangi bir yasal ama\u00e7la kullan\u0131lmas\u0131na izin verir.<\/p>\n<p>**Yay\u0131nlar\u0131m\u0131z \u00fccretsiz olup, para ile sat\u0131lmaz. \u0130ndirmek, veritabanlar\u0131na y\u00fcklemek web sayfam\u0131z\u0131 kaynak g\u00f6stermek \u015fart\u0131yla \u00f6n izin gerektirmeksizin yap\u0131labilir. Kitaplar\u0131n telif hakk\u0131 k\u0131sm\u0131nda detayl\u0131 a\u00e7\u0131klama mevcuttur.<\/p>\n<p><strong>*Kitaplar\u0131m\u0131z\u0131n &#8220;Telif Hakk\u0131&#8221; k\u0131sm\u0131nda belirtildi\u011fi \u00fczere izin almaks\u0131z\u0131n kitaplar\u0131m\u0131z veritabanlar\u0131na ar\u015fiv linkimiz kaynak g\u00f6sterilerek eklenebilir, kaynak g\u00f6sterilmeksizin al\u0131nt\u0131 yap\u0131lamaz.\u00a0\u00a0<\/strong><\/p>\n<p><span style=\"color: #ff0000;\"><em>Kitap projemiz s\u00fcrekli a\u00e7\u0131k olup hakem s\u00fcrecinden ge\u00e7en en az 7 \u00e7al\u0131\u015fmaya ula\u015f\u0131ld\u0131\u011f\u0131nda kitap yay\u0131nlanmaktad\u0131r. Tarihlere bakmaks\u0131z\u0131n tamamlanan \u00e7al\u0131\u015fmalar\u0131n\u0131z\u0131 g\u00f6nderebilirsiniz.\u00a0<\/em><\/span><\/p>\n<h4 class=\"post-title entry-title\" style=\"text-align: center;\"><a href=\"http:\/\/conferencealertsintraders.com\/ot\/columnwriter\/\"><span style=\"color: #ff0000;\">Be Our InTraders\u2019 Blogger for Free of Registration to InTraders\u2019 Conferences and International Books<\/span><\/a><\/h4>\n<h4 style=\"text-align: center;\"><strong>A\u00e7\u0131k eri\u015fim e-yay\u0131nc\u0131l\u0131k politikam\u0131z:\u00a0<a href=\"http:\/\/conferencealertsintraders.com\/ot\/why-open-access-e-publishing-2\/\">Why we accept the policy of open access e-publishing<\/a><\/strong><\/h4>\n","protected":false},"excerpt":{"rendered":"<p>Yay\u0131nlanm\u0131\u015f Uluslararas\u0131 Kitaplar\u0131m\u0131z: Yay\u0131nc\u0131s\u0131; &#8220;K\u00fcr\u015fat \u00c7apraz&#8221; olan t\u00fcm kitaplar (kitap b\u00f6l\u00fcmleri ve kongre kitaplar\u0131) EBSCO ve Proquest Ebook veritaban\u0131nda taranmaktad\u0131r. Yapay Zek\u00e2 Uygulamalar\u0131: Sekt\u00f6rel Etkiler ve Dijitalle\u015fme \u00c7a\u011f\u0131nda T\u00fcketici, Gazi Kitabevi, Ekim 2025 Bridging education and economy resilience advancing education on Asean, K\u00fcr\u015fat \u00c7apraz, July 2025 THE OCEAN SUSTAINING WHAT SUSTAINS US, K\u00fcr\u015fat \u00c7apraz, July &#8230; <a title=\"Uluslararas\u0131 Kitap Ar\u015fivi\" class=\"read-more\" href=\"https:\/\/intraders.org\/arsiv\/arsiv\/\">Read more<\/a><\/p>\n","protected":false},"author":1,"featured_media":0,"parent":0,"menu_order":0,"comment_status":"closed","ping_status":"closed","template":"","meta":{"generate_page_header":"","footnotes":""},"class_list":["post-578","page","type-page","status-publish"],"_links":{"self":[{"href":"https:\/\/intraders.org\/arsiv\/wp-json\/wp\/v2\/pages\/578","targetHints":{"allow":["GET"]}}],"collection":[{"href":"https:\/\/intraders.org\/arsiv\/wp-json\/wp\/v2\/pages"}],"about":[{"href":"https:\/\/intraders.org\/arsiv\/wp-json\/wp\/v2\/types\/page"}],"author":[{"embeddable":true,"href":"https:\/\/intraders.org\/arsiv\/wp-json\/wp\/v2\/users\/1"}],"replies":[{"embeddable":true,"href":"https:\/\/intraders.org\/arsiv\/wp-json\/wp\/v2\/comments?post=578"}],"version-history":[{"count":55,"href":"https:\/\/intraders.org\/arsiv\/wp-json\/wp\/v2\/pages\/578\/revisions"}],"predecessor-version":[{"id":1331,"href":"https:\/\/intraders.org\/arsiv\/wp-json\/wp\/v2\/pages\/578\/revisions\/1331"}],"wp:attachment":[{"href":"https:\/\/intraders.org\/arsiv\/wp-json\/wp\/v2\/media?parent=578"}],"curies":[{"name":"wp","href":"https:\/\/api.w.org\/{rel}","templated":true}]}}