{"id":185,"date":"2018-01-23T20:09:46","date_gmt":"2018-01-23T20:09:46","guid":{"rendered":"http:\/\/www.intraders.org\/akademik\/?page_id=185"},"modified":"2026-03-18T21:12:43","modified_gmt":"2026-03-18T23:12:43","slug":"iletisim","status":"publish","type":"page","link":"https:\/\/intraders.org\/arsiv\/iletisim\/","title":{"rendered":"\u0130leti\u015fim"},"content":{"rendered":"<p>InTraders Akademik Platformu<\/p>\n<p><b>intradersorg@gmail.com<\/b><\/p>\n<p style=\"text-align: center;\"><span style=\"color: #ff0000;\"><em><strong>Kitap projemiz s\u00fcrekli a\u00e7\u0131k olup hakem s\u00fcrecinden ge\u00e7en en az 7 \u00e7al\u0131\u015fmaya ula\u015f\u0131ld\u0131\u011f\u0131nda kitap yay\u0131nlanmaktad\u0131r. Tarihlere bakmaks\u0131z\u0131n tamamlanan \u00e7al\u0131\u015fmalar\u0131n\u0131z\u0131 g\u00f6nderebilirsiniz.<\/strong>\u00a0<\/em><\/span><\/p>\n<p style=\"text-align: center;\"><em><span style=\"color: #0000ff;\"><strong>Dergi yay\u0131n d\u00f6nemi Aral\u0131k ve Temmuz&#8217;dur.\u00a0<\/strong><\/span><\/em><\/p>\n<p style=\"text-align: center;\"><em><span style=\"color: #0000ff;\"><strong>Kongrelerimiz y\u0131lda 2 defa d\u00fczenlenmektedir.<\/strong><\/span><\/em><\/p>\n","protected":false},"excerpt":{"rendered":"<p>InTraders Akademik Platformu intradersorg@gmail.com Kitap projemiz s\u00fcrekli a\u00e7\u0131k olup hakem s\u00fcrecinden ge\u00e7en en az 7 \u00e7al\u0131\u015fmaya ula\u015f\u0131ld\u0131\u011f\u0131nda kitap yay\u0131nlanmaktad\u0131r. Tarihlere bakmaks\u0131z\u0131n tamamlanan \u00e7al\u0131\u015fmalar\u0131n\u0131z\u0131 g\u00f6nderebilirsiniz.\u00a0 Dergi yay\u0131n d\u00f6nemi Aral\u0131k ve Temmuz&#8217;dur.\u00a0 Kongrelerimiz y\u0131lda 2 defa d\u00fczenlenmektedir.<\/p>\n","protected":false},"author":1,"featured_media":0,"parent":0,"menu_order":0,"comment_status":"closed","ping_status":"closed","template":"","meta":{"generate_page_header":"","footnotes":""},"class_list":["post-185","page","type-page","status-publish"],"_links":{"self":[{"href":"https:\/\/intraders.org\/arsiv\/wp-json\/wp\/v2\/pages\/185","targetHints":{"allow":["GET"]}}],"collection":[{"href":"https:\/\/intraders.org\/arsiv\/wp-json\/wp\/v2\/pages"}],"about":[{"href":"https:\/\/intraders.org\/arsiv\/wp-json\/wp\/v2\/types\/page"}],"author":[{"embeddable":true,"href":"https:\/\/intraders.org\/arsiv\/wp-json\/wp\/v2\/users\/1"}],"replies":[{"embeddable":true,"href":"https:\/\/intraders.org\/arsiv\/wp-json\/wp\/v2\/comments?post=185"}],"version-history":[{"count":15,"href":"https:\/\/intraders.org\/arsiv\/wp-json\/wp\/v2\/pages\/185\/revisions"}],"predecessor-version":[{"id":1418,"href":"https:\/\/intraders.org\/arsiv\/wp-json\/wp\/v2\/pages\/185\/revisions\/1418"}],"wp:attachment":[{"href":"https:\/\/intraders.org\/arsiv\/wp-json\/wp\/v2\/media?parent=185"}],"curies":[{"name":"wp","href":"https:\/\/api.w.org\/{rel}","templated":true}]}}