{"id":1737,"date":"2026-05-08T10:15:49","date_gmt":"2026-05-08T10:15:49","guid":{"rendered":"https:\/\/intraders.org\/archive\/?page_id=1737"},"modified":"2026-05-08T10:15:50","modified_gmt":"2026-05-08T10:15:50","slug":"iktisadi-idari-ve-sosyal-bilimlerde-akademik-calismalar-gazi-kitabevi-aralik-2022","status":"publish","type":"page","link":"https:\/\/intraders.org\/archive\/iktisadi-idari-ve-sosyal-bilimlerde-akademik-calismalar-gazi-kitabevi-aralik-2022\/","title":{"rendered":"\u0130ktisadi, \u0130dari ve Sosyal Bilimlerde Akademik \u00c7al\u0131\u015fmalar, Gazi Kitabevi, Aral\u0131k 2022"},"content":{"rendered":"\n<div data-wp-interactive=\"core\/file\" class=\"wp-block-file\"><object data-wp-bind--hidden=\"!state.hasPdfPreview\" hidden class=\"wp-block-file__embed\" data=\"https:\/\/intraders.org\/archive\/wp-content\/uploads\/2022\/12\/Iktisadi-Idari-ve-Sosyal-Bilimlerde-Akademik-Calismalar.pdf\" type=\"application\/pdf\" style=\"width:100%;height:600px\" aria-label=\"Embed of \u0130ktisadi, \u0130dari ve Sosyal Bilimlerde Akademik \u00c7al\u0131\u015fmalar.\"><\/object><a id=\"wp-block-file--media-280e76d9-2cd1-4e2d-b92e-38fe0c9ba687\" href=\"https:\/\/intraders.org\/archive\/wp-content\/uploads\/2022\/12\/Iktisadi-Idari-ve-Sosyal-Bilimlerde-Akademik-Calismalar.pdf\">\u0130ktisadi, \u0130dari ve Sosyal Bilimlerde Akademik \u00c7al\u0131\u015fmalar<\/a><a href=\"https:\/\/intraders.org\/archive\/wp-content\/uploads\/2022\/12\/Iktisadi-Idari-ve-Sosyal-Bilimlerde-Akademik-Calismalar.pdf\" class=\"wp-block-file__button wp-element-button\" download aria-describedby=\"wp-block-file--media-280e76d9-2cd1-4e2d-b92e-38fe0c9ba687\">Download<\/a><\/div>\n","protected":false},"excerpt":{"rendered":"","protected":false},"author":1,"featured_media":0,"parent":0,"menu_order":0,"comment_status":"closed","ping_status":"closed","template":"","meta":{"generate_page_header":"","footnotes":""},"class_list":["post-1737","page","type-page","status-publish"],"_links":{"self":[{"href":"https:\/\/intraders.org\/archive\/wp-json\/wp\/v2\/pages\/1737","targetHints":{"allow":["GET"]}}],"collection":[{"href":"https:\/\/intraders.org\/archive\/wp-json\/wp\/v2\/pages"}],"about":[{"href":"https:\/\/intraders.org\/archive\/wp-json\/wp\/v2\/types\/page"}],"author":[{"embeddable":true,"href":"https:\/\/intraders.org\/archive\/wp-json\/wp\/v2\/users\/1"}],"replies":[{"embeddable":true,"href":"https:\/\/intraders.org\/archive\/wp-json\/wp\/v2\/comments?post=1737"}],"version-history":[{"count":1,"href":"https:\/\/intraders.org\/archive\/wp-json\/wp\/v2\/pages\/1737\/revisions"}],"predecessor-version":[{"id":1739,"href":"https:\/\/intraders.org\/archive\/wp-json\/wp\/v2\/pages\/1737\/revisions\/1739"}],"wp:attachment":[{"href":"https:\/\/intraders.org\/archive\/wp-json\/wp\/v2\/media?parent=1737"}],"curies":[{"name":"wp","href":"https:\/\/api.w.org\/{rel}","templated":true}]}}