{"id":1725,"date":"2026-05-08T10:11:41","date_gmt":"2026-05-08T10:11:41","guid":{"rendered":"https:\/\/intraders.org\/archive\/?page_id=1725"},"modified":"2026-05-08T10:11:42","modified_gmt":"2026-05-08T10:11:42","slug":"sosyal-beseri-ve-idari-bilimler-arastirmalari-hiperyayin-ekim-2022","status":"publish","type":"page","link":"https:\/\/intraders.org\/archive\/sosyal-beseri-ve-idari-bilimler-arastirmalari-hiperyayin-ekim-2022\/","title":{"rendered":"Sosyal, Be\u015feri ve \u0130dari Bilimler Ara\u015ft\u0131rmalar\u0131, Hiperyay\u0131n, Ekim 2022"},"content":{"rendered":"\n<div data-wp-interactive=\"core\/file\" class=\"wp-block-file\"><object data-wp-bind--hidden=\"!state.hasPdfPreview\" hidden class=\"wp-block-file__embed\" data=\"https:\/\/intraders.org\/archive\/wp-content\/uploads\/2022\/10\/Sosyal-Beseri-ve-Idari-Bilimler-Arastirmalari.pdf\" type=\"application\/pdf\" style=\"width:100%;height:600px\" aria-label=\"Embed of Sosyal, Be\u015feri ve \u0130dari Bilimler Ara\u015ft\u0131rmalar\u0131.\"><\/object><a id=\"wp-block-file--media-5cdfe193-fc94-49bf-be74-3312ef4a2034\" href=\"https:\/\/intraders.org\/archive\/wp-content\/uploads\/2022\/10\/Sosyal-Beseri-ve-Idari-Bilimler-Arastirmalari.pdf\">Sosyal, Be\u015feri ve \u0130dari Bilimler Ara\u015ft\u0131rmalar\u0131<\/a><a href=\"https:\/\/intraders.org\/archive\/wp-content\/uploads\/2022\/10\/Sosyal-Beseri-ve-Idari-Bilimler-Arastirmalari.pdf\" class=\"wp-block-file__button wp-element-button\" download aria-describedby=\"wp-block-file--media-5cdfe193-fc94-49bf-be74-3312ef4a2034\">Download<\/a><\/div>\n","protected":false},"excerpt":{"rendered":"","protected":false},"author":1,"featured_media":0,"parent":0,"menu_order":0,"comment_status":"closed","ping_status":"closed","template":"","meta":{"generate_page_header":"","footnotes":""},"class_list":["post-1725","page","type-page","status-publish"],"_links":{"self":[{"href":"https:\/\/intraders.org\/archive\/wp-json\/wp\/v2\/pages\/1725","targetHints":{"allow":["GET"]}}],"collection":[{"href":"https:\/\/intraders.org\/archive\/wp-json\/wp\/v2\/pages"}],"about":[{"href":"https:\/\/intraders.org\/archive\/wp-json\/wp\/v2\/types\/page"}],"author":[{"embeddable":true,"href":"https:\/\/intraders.org\/archive\/wp-json\/wp\/v2\/users\/1"}],"replies":[{"embeddable":true,"href":"https:\/\/intraders.org\/archive\/wp-json\/wp\/v2\/comments?post=1725"}],"version-history":[{"count":1,"href":"https:\/\/intraders.org\/archive\/wp-json\/wp\/v2\/pages\/1725\/revisions"}],"predecessor-version":[{"id":1727,"href":"https:\/\/intraders.org\/archive\/wp-json\/wp\/v2\/pages\/1725\/revisions\/1727"}],"wp:attachment":[{"href":"https:\/\/intraders.org\/archive\/wp-json\/wp\/v2\/media?parent=1725"}],"curies":[{"name":"wp","href":"https:\/\/api.w.org\/{rel}","templated":true}]}}