{"id":1716,"date":"2026-05-08T10:09:14","date_gmt":"2026-05-08T10:09:14","guid":{"rendered":"https:\/\/intraders.org\/archive\/?page_id=1716"},"modified":"2026-05-08T10:09:14","modified_gmt":"2026-05-08T10:09:14","slug":"sosyal-bilimlerde-guncel-calismalar-intraders-2021","status":"publish","type":"page","link":"https:\/\/intraders.org\/archive\/sosyal-bilimlerde-guncel-calismalar-intraders-2021\/","title":{"rendered":"Sosyal Bilimlerde G\u00fcncel \u00c7al\u0131\u015fmalar InTraders 2021"},"content":{"rendered":"\n<div data-wp-interactive=\"core\/file\" class=\"wp-block-file\"><object data-wp-bind--hidden=\"!state.hasPdfPreview\" hidden class=\"wp-block-file__embed\" data=\"https:\/\/intraders.org\/archive\/wp-content\/uploads\/2022\/01\/Sosyal-Bilimlerde-G\u00fcncel-\u00c7al\u0131\u015fmalar-InTraders-2021.pdf\" type=\"application\/pdf\" style=\"width:100%;height:600px\" aria-label=\"Embed of Sosyal Bilimlerde G\u00fcncel \u00c7al\u0131\u015fmalar InTraders 2021.\"><\/object><a id=\"wp-block-file--media-40bb8ef9-ab7c-40a6-912e-0af43ffbd1cd\" href=\"https:\/\/intraders.org\/archive\/wp-content\/uploads\/2022\/01\/Sosyal-Bilimlerde-G\u00fcncel-\u00c7al\u0131\u015fmalar-InTraders-2021.pdf\">Sosyal Bilimlerde G\u00fcncel \u00c7al\u0131\u015fmalar InTraders 2021<\/a><a href=\"https:\/\/intraders.org\/archive\/wp-content\/uploads\/2022\/01\/Sosyal-Bilimlerde-G\u00fcncel-\u00c7al\u0131\u015fmalar-InTraders-2021.pdf\" class=\"wp-block-file__button wp-element-button\" download aria-describedby=\"wp-block-file--media-40bb8ef9-ab7c-40a6-912e-0af43ffbd1cd\">Download<\/a><\/div>\n","protected":false},"excerpt":{"rendered":"","protected":false},"author":1,"featured_media":0,"parent":0,"menu_order":0,"comment_status":"closed","ping_status":"closed","template":"","meta":{"generate_page_header":"","footnotes":""},"class_list":["post-1716","page","type-page","status-publish"],"_links":{"self":[{"href":"https:\/\/intraders.org\/archive\/wp-json\/wp\/v2\/pages\/1716","targetHints":{"allow":["GET"]}}],"collection":[{"href":"https:\/\/intraders.org\/archive\/wp-json\/wp\/v2\/pages"}],"about":[{"href":"https:\/\/intraders.org\/archive\/wp-json\/wp\/v2\/types\/page"}],"author":[{"embeddable":true,"href":"https:\/\/intraders.org\/archive\/wp-json\/wp\/v2\/users\/1"}],"replies":[{"embeddable":true,"href":"https:\/\/intraders.org\/archive\/wp-json\/wp\/v2\/comments?post=1716"}],"version-history":[{"count":1,"href":"https:\/\/intraders.org\/archive\/wp-json\/wp\/v2\/pages\/1716\/revisions"}],"predecessor-version":[{"id":1718,"href":"https:\/\/intraders.org\/archive\/wp-json\/wp\/v2\/pages\/1716\/revisions\/1718"}],"wp:attachment":[{"href":"https:\/\/intraders.org\/archive\/wp-json\/wp\/v2\/media?parent=1716"}],"curies":[{"name":"wp","href":"https:\/\/api.w.org\/{rel}","templated":true}]}}